. Let h = j + 35. Let q be (-60)/h*(-2)/(-3). What is the greatest common factor of q and 40?
5
Let r be 2/3 - ((-86)/6 + -1). Let o(i) = -r*i - 38 + 12 - 20. Let f be o(-4). Calculate the greatest common divisor of f and 18.
18
Let l = 432 - 636. Let n be 2/(-8) - 118983/l. What is the highest common factor of 11 and n?
11
Let m be 17/4 - (-125)/(-100). Suppose 0*x - 1413 = -m*b - 4*x, -2*b + 5*x = -965. What is the greatest common factor of b and 25?
25
Let s = -5046 - -5089. Calculate the highest common factor of 2924 and s.
43
Let a(v) = -2*v**2 + 29*v + 24. Let c be a(15). Let r(z) = -z**3 - 37*z**2 - 43*z - 9. Let w be r(-36). Calculate the greatest common factor of w and c.
9
Let p be -6 + (-48)/(-4) - -15*137. Calculate the highest common divisor of p and 9.
9
Suppose -771*w + 2184 = -745*w. What is the highest common divisor of w and 14?
14
Let j(u) = -5015*u**3 + 12*u + 12. Let l be j(-1). What is the highest common divisor of l and 85?
85
Let i(a) = -2*a + 40 + a + 5*a - 1. Suppose 11*j - 7*j + 5*l + 1 = 0, 19 = -j + 5*l. Let x be i(j). Calculate the highest common divisor of 23 and x.
23
Suppose 5*q - 8 = q. Suppose 5 = i + 5*y, 21 = -2*i + q*y - 5. Let k = 50 + i. What is the highest common factor of 80 and k?
40
Let w = -16 - -32. Let j be (-48)/18 + (-18)/(-27). Let r be (-20)/(-30)*3 - j. What is the highest common divisor of r and w?
4
Let v be (-20)/(-60) + (-195)/(-9). Calculate the highest common factor of 18128 and v.
22
Let i be 624/9 + (-6)/(-9). Suppose 0 = 6*r - 2*r - 16. Suppose -r*m + 44 = 4*o, 0*m - 4*m = 2*o - 24. What is the highest common divisor of o and i?
10
Let j be (-1 - -2 - 1) + 48. Suppose -11*d + 14*d - 42 = -6*m, -m - 2 = 0. Calculate the highest common divisor of d and j.
6
Suppose 0 = 273*y - 271*y - 262. Let u = 180 - y. What is the greatest common divisor of 21 and u?
7
Suppose -l - m = -127, 4*l - 1115 = -2*m - 597. Calculate the highest common divisor of 4125 and l.
33
Let k(y) = -19*y - 36 + y**3 - 30 - 20 + 70 + 2*y**2. Let c be k(-4). Calculate the greatest common divisor of 12 and c.
4
Suppose 17*b + 6310 = 6327. What is the highest common factor of 127 and b?
1
Suppose -50*j - 987 + 5427 = -13*j. Suppose 0 = -o - 3*o + 96. Calculate the greatest common divisor of j and o.
24
Let q be (1/(6/(-520)))/((-906)/1359). Calculate the greatest common divisor of q and 210.
10
Let q be (-168)/7*(-4)/(-16)*4. Let f = q + 57. Calculate the highest common divisor of f and 319.
11
Let m(y) = 2*y + 5. Suppose 221 = 5*u + 3*g, -4*u + 9 = -5*g - 153. Suppose -u - 32 = -5*x. Let h be m(x). What is the highest common factor of h and 14?
7
Let w = 12379 + -9397. What is the greatest common factor of 56 and w?
14
Suppose 12*w - 5*s = 9*w + 445, 5*s = -2*w + 230. Let d be (-38)/6 - 3/(-9). Let z be (-537)/d + (-1)/(-2). What is the highest common factor of w and z?
45
Let k = 41635 + -39167. What is the highest common divisor of k and 28?
4
Let b = 329 + -161. Let g = 18 + 108. Calculate the highest common factor of g and b.
42
Let n be (5 - 5)/(-3 + 1 - -1). Suppose n = -27*t - 12*t + 624. Calculate the greatest common factor of 592 and t.
16
Suppose 2 = -121*u + 123*u, 0 = 2*c - u - 459. Calculate the highest common divisor of c and 50.
10
Suppose -3*x + 5*x + 1202 = 4*z, -5*x = 5. What is the highest common factor of 825 and z?
75
Let y(t) = t**3 + 3*t**2 - t - 6. Let u be y(-4). Let b be 1/((2/180)/((-12)/u)). What is the highest common divisor of b and 6?
6
Let t be 1110/2*(-7)/(-21). Suppose 28*x - 1850 = 3*x. What is the highest common factor of x and t?
37
Suppose -4*n - 412 = -3*o, 430 = 6*o - 3*o + 5*n. Let p = o - 120. Calculate the greatest common factor of 10 and p.
10
Let m(l) = -29*l**3 - 30*l**2 - 77*l + 5. Let b be m(-3). What is the highest common divisor of 49 and b?
7
Suppose 43*t = 66*t - 25254. What is the highest common divisor of t and 90?
18
Let n(d) = d**2 + 29*d - 762. Let s be n(22). What is the greatest common divisor of s and 75?
15
Let t = -33 - -46. Suppose 0 = t*i - 11*i. Let g(v) = -v**3 - v**2 + v + 5. Let j be g(i). Calculate the greatest common divisor of j and 25.
5
Let p = 81 - 27. Let r = 10 + -7. Suppose 3*o = -i + 80, -3*i - 31 - 53 = -r*o. Calculate the greatest common factor of o and p.
27
Suppose -208 = -11*v + 716. Suppose j = 29 + 19. What is the greatest common divisor of v and j?
12
Let a be 5565/6*(990/(-126) - -9). What is the greatest common divisor of 1749 and a?
53
Let w be (5 - -5)*1*(0 + 1). Suppose 2*g - 2*m - m = -27, 2*m - w = 0. Let v be (24 + -20)*g/(-4). What is the highest common divisor of v and 12?
6
Suppose 3*d - 5*y = 788, d = -2*y - y + 258. What is the greatest common divisor of 18 and d?
9
Let w = 11882 - 11388. What is the highest common factor of w and 247?
247
Let r be (-16*6/(-56))/(7/147). Calculate the greatest common factor of r and 132.
12
Suppose 3*n - 300 = 2*y, n + n - 192 = 4*y. Let o be -4 - (1 + 4) - -3. Let j(c) = -8*c - 31. Let l be j(o). What is the greatest common factor of l and n?
17
Let j = 5870 + -5590. What is the highest common divisor of 630 and j?
70
Let n = -161 + 16. Let l = n - -152. What is the highest common divisor of 14 and l?
7
Let u be 9/6*-1*(-6 + -194). Calculate the highest common factor of u and 180.
60
Let d = -7782 - -7803. Suppose 2*s = -4*f + 34, 4*s = -2*f - 0*s + 32. What is the greatest common divisor of f and d?
3
Suppose 3*p + 2*a = -4, 3*p = a - 1 - 6. Let i be 11 + (p - (-5 + 8)). Calculate the highest common factor of 6 and i.
6
Let x(c) = 1 + 7*c**2 - 10*c - 5 + 1 - 7 + c**3. Let i be x(-8). Suppose -154*b + 28*b = 149*b - 4950. Calculate the greatest common factor of b and i.
6
Let s be 2/(-10) + -4*110/(-200). Suppose 4*j + 4*f - 134 - 18 = 0, s*j - 80 = -f. Calculate the greatest common divisor of j and 98.
14
Suppose -n - 51 = -61. Let a(i) = i**3 + 15*i**2 - 17*i - 6. Let h be a(-16). Calculate the greatest common divisor of n and h.
10
Let v = 35 + -104. Let s = v + 111. Calculate the greatest common divisor of s and 42.
42
Suppose -5*i + 4*o = 3350, 2*i - 778 + 2085 = -5*o. Let j = -381 - i. Suppose -j = -7*b + 9. Calculate the highest common factor of b and 126.
42
Let j be 17/102 - (0 - (-380)/(-24)). Calculate the highest common factor of j and 5248.
16
Let k be -2 + 15/(105/14). Suppose -24*t + 2667 + 1893 = k. Calculate the greatest common factor of 40 and t.
10
Let t = 74 - -12. Suppose 0*u - 2*z = 5*u - 94, -4*u + 2*z = -t. Calculate the highest common factor of 20 and u.
20
Let x(q) = 1979*q + 3971. Let f be x(-2). Let o be (-2)/2 + 3*1. Calculate the highest common divisor of o and f.
1
Suppose 66 = 4*c + x, -44 = -4*c + x + 18. Let b = 56 - 34. Let z = 10 + b. What is the greatest common divisor of z and c?
16
Suppose 4*m + 465*o - 466*o = 4820, -2*o - 2416 = -2*m. What is the greatest common divisor of 140 and m?
28
Suppose -6342 = -10*d + 9548. Suppose -2*c + d = -93. Calculate the greatest common factor of 29 and c.
29
Let c = 6254 - 5946. What is the highest common divisor of c and 392?
28
Let u be 2 + 1 - 61005/(-245). Calculate the highest common factor of u and 72.
36
Let u = 89 - 74. Suppose 2*o - 3*t - u = 0, -5*t - 13 = -3*o + 10. Suppose -o*j + 83 = 29. What is the greatest common divisor of 36 and j?
9
Let a = 89 + 1. Let w be a/27 - 4/(-6). Suppose -w*j = -26 - 46. What is the highest common divisor of 36 and j?
18
Let c(q) = q + 19. Let t be c(-10). Let h(x) = 5*x**2 + 7*x + 11. Suppose 13 = -3*i + 1. Let u be h(i). What is the greatest common divisor of u and t?
9
Let y(s) = -4*s - 95. Let z be y(-43). Calculate the highest common factor of 3773 and z.
77
Suppose 138*w - 135*w + 3 = 0. Let n be w/(-3) + (-91205)/15. Let h be n/(-60) + ((-2)/(-3) - 0). What is the greatest common factor of h and 51?
51
Let j(p) = -p**2 - p + 283. Let l be j(16). Calculate the highest common factor of l and 13387.
11
Let h = -35787 + 56577. What is the highest common divisor of 70 and h?
70
Suppose -23*q = -6036 - 243. What is the highest common divisor of 84 and q?
21
Suppose 230 = 2*c - 2*l, 5*l = -22 + 7. Suppose c*x = 116*x - 312. Calculate the highest common factor of x and 18.
6
Let l(t) = 2*t**3 - 9*t**2 + 6*t - 7. Let v be l(6). Let h = -29 + v. Calculate the greatest 